t of 354335478?
3
What is the hundred millions digit of 2289801306?
2
What is the ten millions digit of 24958363?
2
What is the thousands digit of 51627773?
7
What is the millions digit of 427163432?
7
What is the ten thousands digit of 583944575?
4
What is the units digit of 2416834155?
5
What is the millions digit of 733948389?
3
What is the ten thousands digit of 362626210?
2
What is the hundred thousands digit of 189980885?
9
What is the tens digit of 208521264?
6
What is the hundreds digit of 990149385?
3
What is the ten thousands digit of 43623231?
2
What is the tens digit of 830488706?
0
What is the billions digit of 1255115947?
1
What is the hundred millions digit of 1333425146?
3
What is the ten millions digit of 499400943?
9
What is the units digit of 42699831?
1
What is the hundred millions digit of 637611242?
6
What is the hundred thousands digit of 181055071?
0
What is the hundred thousands digit of 187185436?
1
What is the hundred thousands digit of 13934325?
9
What is the hundreds digit of 99074075?
0
What is the thousands digit of 3184670417?
0
What is the hundred thousands digit of 326717444?
7
What is the units digit of 436795715?
5
What is the billions digit of 1020752189?
1
What is the tens digit of 4145139101?
0
What is the tens digit of 2246326727?
2
What is the tens digit of 56123187?
8
What is the units digit of 7795474?
4
What is the hundred millions digit of 139497274?
1
What is the units digit of 169414252?
2
What is the billions digit of 1669297400?
1
What is the ten millions digit of 34675659?
3
What is the ten thousands digit of 109329154?
2
What is the millions digit of 12308914?
2
What is the millions digit of 42086793?
2
What is the ten millions digit of 1261226783?
6
What is the ten thousands digit of 1686135995?
3
What is the ten thousands digit of 205963436?
6
What is the millions digit of 1086565865?
6
What is the ten millions digit of 256139805?
5
What is the thousands digit of 94813512?
3
What is the ten thousands digit of 1531283629?
8
What is the tens digit of 54875207?
0
What is the hundred millions digit of 273636735?
2
What is the units digit of 17640797?
7
What is the hundred millions digit of 504470367?
5
What is the thousands digit of 752852352?
2
What is the ten millions digit of 16519843?
1
What is the thousands digit of 536803113?
3
What is the hundreds digit of 58606613?
6
What is the units digit of 2640191742?
2
What is the millions digit of 2273320140?
3
What is the ten thousands digit of 179092153?
9
What is the hundreds digit of 708920345?
3
What is the hundred millions digit of 1096418964?
0
What is the thousands digit of 1539320789?
0
What is the hundred thousands digit of 1470195207?
1
What is the thousands digit of 252485305?
5
What is the units digit of 5536526?
6
What is the tens digit of 5316842747?
4
What is the thousands digit of 143413428?
3
What is the ten millions digit of 56950147?
5
What is the ten millions digit of 50409876?
5
What is the ten thousands digit of 1541579666?
7
What is the millions digit of 99391880?
9
What is the hundreds digit of 432000163?
1
What is the units digit of 1481150364?
4
What is the thousands digit of 46403194?
3
What is the ten thousands digit of 11872111?
7
What is the ten millions digit of 628126720?
2
What is the hundred millions digit of 212105710?
2
What is the ten thousands digit of 621639290?
3
What is the millions digit of 1484160?
1
What is the millions digit of 1027737905?
7
What is the hundreds digit of 30962608?
6
What is the hundred thousands digit of 9846476?
8
What is the tens digit of 241419009?
0
What is the hundred thousands digit of 96097963?
0
What is the thousands digit of 82951756?
1
What is the hundreds digit of 76345447?
4
What is the tens digit of 8943857467?
6
What is the millions digit of 646571709?
6
What is the tens digit of 633774?
7
What is the tens digit of 170123037?
3
What is the ten thousands digit of 146538583?
3
What is the thousands digit of 32858266?
8
What is the ten millions digit of 34295274?
3
What is the tens digit of 1169155293?
9
What is the tens digit of 1355578836?
3
What is the hundreds digit of 921393704?
7
What is the millions digit of 22269894?
2
What is the hundreds digit of 94751883?
8
What is the hundred millions digit of 1007817803?
0
What is the hundred millions digit of 3921613844?
9
What is the hundred thousands digit of 911443719?
4
What is the units digit of 88523919?
9
What is the units digit of 106535010?
0
What is the ten millions digit of 481480857?
8
What is the hundred thousands digit of 772711805?
7
What is the thousands digit of 48142029?
2
What is the millions digit of 839559873?
9
What is the thousands digit of 9676785?
6
What is the thousands digit of 431564340?
4
What is the hundreds digit of 23807662?
6
What is the thousands digit of 47717682?
7
What is the units digit of 361268498?
8
What is the ten thousands digit of 68871914?
7
What is the thousands digit of 31766141?
6
What is the thousands digit of 61512242?
2
What is the hundred millions digit of 201314566?
2
What is the units digit of 633511332?
2
What is the ten thousands digit of 4527330880?
3
What is the units digit of 185210833?
3
What is the millions digit of 467815424?
7
What is the hundred thousands digit of 86802465?
8
What is the ten thousands digit of 911527335?
2
What is the hundred thousands digit of 3013263?
0
What is the thousands digit of 14607363?
7
What is the hundred millions digit of 657710995?
6
What is the billions digit of 1462698530?
1
What is the billions digit of 4983555823?
4
What is the ten thousands digit of 78120793?
2
What is the thousands digit of 101020780?
0
What is the units digit of 2675409201?
1
What is the tens digit of 64752309?
0
What is the hundred thousands digit of 85902670?
9
What is the tens digit of 54725106?
0
What is the hundred thousands digit of 267369895?
3
What is the hundred thousands digit of 1957731373?
7
What is the hundred millions digit of 101554525?
1
What is the hundred millions digit of 6170991902?
1
What is the units digit of 14397357?
7
What is the hundreds digit of 302117630?
6
What is the millions digit of 4962372427?
2
What is the tens digit of 3291398848?
4
What is the thousands digit of 587981246?
1
What is the millions digit of 4740616865?
0
What is the ten millions digit of 82601496?
8
What is the millions digit of 8679567465?
9
What is the thousands digit of 15368683?
8
What is the ten millions digit of 159141670?
5
What is the thousands digit of 19579397?
9
What is the hundred thousands digit of 91755105?
7
What is the millions digit of 1402012872?
2
What is the billions digit of 1410364718?
1
What is the ten thousands digit of 106787775?
8
What is the ten thousands digit of 45897873?
9
What is the thousands digit of 2344518621?
8
What is the ten millions digit of 1699969260?
9
What is the units digit of 83644224?
4
What is the ten millions digit of 1305834992?
0
What is the thousands digit of 2859593703?
3
What is the millions digit of 8164223?
8
What is the thousands digit of 1431159567?
9
What is the ten millions digit of 581117064?
8
What is the ten thousands digit of 3510523230?
2
What is the ten millions digit of 1060915769?
6
What is the ten thousands digit of 22338110?
3
What is the hundred millions digit of 4949576586?
9
What is the hundreds digit of 97578450?
4
What is the millions digit of 1358052305?
8
What is the ten thousands digit of 66554407?
5
What is the ten millions digit of 245144437?
4
What is the hundred millions digit of 818376134?
8
What is the ten thousands digit of 1299035928?
3
What is the hundreds digit of 41422700?
7
What is the tens digit of 576448798?
9
What is the ten millions digit of 24539172?
2
What is the units digit of 32858838?
8
What is the ten thousands digit of 519652655?
5
What is the hundred thousands digit of 129286779?
2
What is the thousands digit of 7263396318?
6
What is the units digit of 131382936?
6
What is the ten millions digit of 231303162?
3
What is the ten thousands digit of 487489344?
8
What is the units digit of 281249924?
4
What is the millions digit of 94461045?
4
What is the ten thousands digit of 1051463587?
6
What is the hundred thousands digit of 35456189?
4
What is the thousands 